igit of 434786?
6
What is the thousands digit of 1864335?
4
What is the ten thousands digit of 98479?
9
What is the ten thousands digit of 31227378?
2
What is the hundreds digit of 1867918?
9
What is the hundreds digit of 3699672?
6
What is the tens digit of 18521658?
5
What is the hundred thousands digit of 1615047?
6
What is the ten thousands digit of 1363008?
6
What is the hundreds digit of 60927?
9
What is the hundreds digit of 112970?
9
What is the millions digit of 6100263?
6
What is the hundreds digit of 2037494?
4
What is the tens digit of 9957695?
9
What is the hundreds digit of 4545640?
6
What is the hundred thousands digit of 3054485?
0
What is the tens digit of 258089?
8
What is the units digit of 67829?
9
What is the thousands digit of 82142?
2
What is the thousands digit of 152499?
2
What is the units digit of 18843064?
4
What is the units digit of 145583?
3
What is the ten thousands digit of 1038599?
3
What is the hundred thousands digit of 648072?
6
What is the units digit of 13084096?
6
What is the hundred thousands digit of 4865550?
8
What is the hundred thousands digit of 1757721?
7
What is the thousands digit of 149874?
9
What is the hundred thousands digit of 6837550?
8
What is the hundreds digit of 75781?
7
What is the millions digit of 1029405?
1
What is the hundreds digit of 73357?
3
What is the tens digit of 9424667?
6
What is the hundreds digit of 3173116?
1
What is the hundred thousands digit of 329432?
3
What is the hundreds digit of 115605?
6
What is the tens digit of 12234579?
7
What is the units digit of 297469?
9
What is the tens digit of 2221880?
8
What is the thousands digit of 16980452?
0
What is the thousands digit of 1436237?
6
What is the units digit of 1696812?
2
What is the units digit of 113446?
6
What is the hundreds digit of 254081?
0
What is the ten thousands digit of 7150177?
5
What is the thousands digit of 225756?
5
What is the millions digit of 11585414?
1
What is the thousands digit of 2919357?
9
What is the hundred thousands digit of 536736?
5
What is the millions digit of 2323421?
2
What is the millions digit of 4527187?
4
What is the hundred thousands digit of 4479694?
4
What is the units digit of 474098?
8
What is the millions digit of 5299491?
5
What is the hundreds digit of 1616446?
4
What is the tens digit of 2115164?
6
What is the hundreds digit of 317752?
7
What is the tens digit of 5329370?
7
What is the thousands digit of 5013165?
3
What is the hundred thousands digit of 250249?
2
What is the tens digit of 6835369?
6
What is the tens digit of 7845045?
4
What is the ten thousands digit of 1892393?
9
What is the units digit of 225375?
5
What is the ten thousands digit of 283123?
8
What is the tens digit of 5164351?
5
What is the hundred thousands digit of 24195690?
1
What is the tens digit of 229438?
3
What is the units digit of 373415?
5
What is the ten thousands digit of 68379?
6
What is the thousands digit of 1014794?
4
What is the units digit of 337349?
9
What is the millions digit of 6046414?
6
What is the ten thousands digit of 11109812?
0
What is the ten thousands digit of 154402?
5
What is the hundred thousands digit of 4578358?
5
What is the tens digit of 774524?
2
What is the ten thousands digit of 9847644?
4
What is the hundreds digit of 209943?
9
What is the ten thousands digit of 4187859?
8
What is the thousands digit of 407765?
7
What is the tens digit of 2883173?
7
What is the ten thousands digit of 936036?
3
What is the hundreds digit of 543627?
6
What is the ten thousands digit of 6630021?
3
What is the ten thousands digit of 101100?
0
What is the ten millions digit of 14896133?
1
What is the ten thousands digit of 497523?
9
What is the tens digit of 22619706?
0
What is the millions digit of 3858085?
3
What is the units digit of 42234200?
0
What is the thousands digit of 483192?
3
What is the units digit of 837269?
9
What is the tens digit of 2038740?
4
What is the tens digit of 823441?
4
What is the ten thousands digit of 3339464?
3
What is the hundred thousands digit of 2131597?
1
What is the hundreds digit of 145552?
5
What is the tens digit of 119071?
7
What is the millions digit of 6954991?
6
What is the millions digit of 24510051?
4
What is the thousands digit of 665518?
5
What is the thousands digit of 1358068?
8
What is the ten thousands digit of 359433?
5
What is the ten millions digit of 14917065?
1
What is the units digit of 4941155?
5
What is the hundreds digit of 18550963?
9
What is the units digit of 13635747?
7
What is the hundred thousands digit of 5042727?
0
What is the tens digit of 2168185?
8
What is the ten thousands digit of 994528?
9
What is the thousands digit of 119049?
9
What is the thousands digit of 7828165?
8
What is the units digit of 2463007?
7
What is the millions digit of 11715510?
1
What is the ten thousands digit of 1333261?
3
What is the hundred thousands digit of 1197348?
1
What is the hundreds digit of 68208?
2
What is the ten thousands digit of 286919?
8
What is the units digit of 636812?
2
What is the ten millions digit of 11813991?
1
What is the hundreds digit of 624621?
6
What is the ten thousands digit of 557277?
5
What is the tens digit of 32829668?
6
What is the hundred thousands digit of 166474?
1
What is the tens digit of 5753633?
3
What is the ten thousands digit of 843884?
4
What is the tens digit of 16823384?
8
What is the millions digit of 10557913?
0
What is the hundreds digit of 243741?
7
What is the units digit of 4677467?
7
What is the hundred thousands digit of 696039?
6
What is the tens digit of 293003?
0
What is the tens digit of 669839?
3
What is the hundreds digit of 11351821?
8
What is the hundreds digit of 304558?
5
What is the hundred thousands digit of 5508394?
5
What is the hundreds digit of 19456274?
2
What is the units digit of 1588224?
4
What is the thousands digit of 241656?
1
What is the thousands digit of 2006350?
6
What is the thousands digit of 467250?
7
What is the hundreds digit of 1489524?
5
What is the ten thousands digit of 3583174?
8
What is the millions digit of 12989919?
2
What is the tens digit of 6914255?
5
What is the units digit of 7899435?
5
What is the tens digit of 526362?
6
What is the units digit of 767825?
5
What is the units digit of 1421981?
1
What is the tens digit of 335329?
2
What is the tens digit of 307356?
5
What is the ten thousands digit of 5598716?
9
What is the hundreds digit of 53525?
5
What is the hundreds digit of 11238530?
5
What is the ten millions digit of 22700166?
2
What is the millions digit of 8416447?
8
What is the hundreds digit of 378687?
6
What is the units digit of 39424?
4
What is the millions digit of 3753043?
3
What is the thousands digit of 21227277?
7
What is the ten thousands digit of 14629002?
2
What is the units digit of 429466?
6
What is the units digit of 3855258?
8
What is the hundred thousands digit of 1062806?
0
What is the tens digit of 118945?
4
What is the ten thousands digit of 937634?
3
What is the hundreds digit of 5125065?
0
What is the hundreds digit of 367493?
4
What is the millions digit of 7592294?
7
What is the ten thousands digit of 4247248?
4
What is the ten thousands digit of 546053?
4
What is the ten thousands digit of 330447?
3
What is the millions digit of 2015189?
2
What is the hundreds digit of 188763?
7
What is the ten thousands digit of 1366823?
6
What is the ten thousands digit of 3730292?
3
What is the units digit of 189141?
1
What is the units digit of 974749?
9
What is the tens digit of 473512?
1
What is the units digit of 8495187?
7
What is the units digit of 1400242?
2
What is the units digit of 13078644?
4
What is the thousands digit of 76365?
6
What is the ten thousands digit of 638873?
3
What is the units digit of 13236835?
5
What is the hundreds digit of 9715551?
5
What is the thousands digit of 2005310?
5
What is the thousands digit of 1784257?
4
What is the units digit of 1799325?
5
What is the millions digit of 4085235?
4
What is the hundreds digit of 10098248?
2
What is the units digit of 3328128?
8
What is the units digit of 1892265?
5
What is the units digit of 462030?
0
What is the tens digit of 296401?
0
What is the hundred thousands digit of 1417489?
4
What is the tens digit of 224178?
7
What is t